{"id":77,"date":"2018-04-05T10:21:33","date_gmt":"2018-04-05T08:21:33","guid":{"rendered":"http:\/\/www.afasi.se\/foreningshandbok\/?page_id=77"},"modified":"2021-09-13T13:19:47","modified_gmt":"2021-09-13T11:19:47","slug":"medlemskap-och-medlemsregister","status":"publish","type":"page","link":"https:\/\/www.afasi.se\/foreningshandbok\/medlemskap-och-medlemsregister\/","title":{"rendered":"Medlemskap"},"content":{"rendered":"<!-- RS_MODULE_CODE_2.4.4 --><div id=\"readspeaker_button77\" class=\"rs_skip rsbtn rs_preserve\"><a class=\"rsbtn_play\" title=\"Lyssna p&aring; sidans text med ReadSpeaker\" accesskey=\"L\" href=\"\/\/app-eu.readspeaker.com\/cgi-bin\/rsent?customerid=7782&amp;lang=sv_se&amp;readid=rspeak_read_77&amp;url=https%3A%2F%2Fwww.afasi.se%2Fforeningshandbok%2Fwp-json%2Fwp%2Fv2%2Fpages%2F77\">\n        <span class=\"rsbtn_left rsimg rspart\"><span class=\"rsbtn_text\"><span>Lyssna<\/span><\/span><\/span>\n        <span class=\"rsbtn_right rsimg rsplay rspart\"><\/span>\n        <\/a><\/div><div id=\"rspeak_read_77\"><div class=\"breadcrumbs align top-page-breadcrumb wp-block-bcn-breadcrumb-trail has-text-color has-background\" vocab=\"https:\/\/schema.org\/\" typeof=\"BreadcrumbList\">\n\t<span><\/span>\n\t<span class=\"breadcrumbs-title\">Du \u00e4r h\u00e4r: <\/span><span property=\"itemListElement\" typeof=\"ListItem\"><a property=\"item\" typeof=\"WebPage\" title=\"G\u00e5 till F\u00f6reningshandboken.\" href=\"https:\/\/www.afasi.se\/foreningshandbok\" class=\"home\" aria-current=\"page\"><span property=\"name\">F\u00f6reningshandboken<\/span><\/a><meta property=\"position\" content=\"1\"><\/span><\/div>\n\n\n<div class=\"alignwide-wrap\" data-block=\"columns\">\n<div class=\"wp-block-columns alignwide\">\n<div class=\"wp-block-column\" style=\"flex-basis:30%\"><div id='iksm-698' class='iksm iksm-698 iksm-container '  data-id='698' data-is-pro='0' data-source='menu'><div class='iksm-terms'><div class='iksm-terms-tree iksm-terms-tree--level-1 iksm-terms-tree--parents' style=''><div class=\"iksm-terms-tree__inner\">\n        <div class=\"iksm-term iksm-term--id-693 iksm-term--parent\" data-id=\"693\">\n            <div class=\"iksm-term__inner\" tabindex='0'>\n                <a class=\"iksm-term__link\" href='https:\/\/www.afasi.se\/foreningshandbok\/medlemskap-och-medlemsregister\/medlemsregister\/' target='_self' tabindex='-1'>\n\t\t\t\t        <span class=\"iksm-term__text\">Medlemsregister<\/span>\n\t\t            <\/a>\n\t\t\t        <\/div>\n\t\t        <\/div>\n\n\t\t\n        <div class=\"iksm-term iksm-term--id-694 iksm-term--parent\" data-id=\"694\">\n            <div class=\"iksm-term__inner\" tabindex='0'>\n                <a class=\"iksm-term__link\" href='https:\/\/www.afasi.se\/foreningshandbok\/medlemskap-och-medlemsregister\/dataskyddsforordningen-gdpr\/' target='_self' tabindex='-1'>\n\t\t\t\t        <span class=\"iksm-term__text\">Dataskyddsf\u00f6rordningen GDPR<\/span>\n\t\t            <\/a>\n\t\t\t        <\/div>\n\t\t        <\/div>\n\n\t\t<\/div><\/div><\/div><div id=\"iksm_data_args\" class=\"data-args\"  data-collapse_children_terms='1' data-collapse_other_terms='1' data-collapse_animation_duration='400' data-expand_animation_duration='400'><\/div><\/div><script id=\"styles-copier-69ecdf64cca49\">\n\t\t\t\/\/ Finding styles element\n\t        var element = document.getElementById(\"iksm-dynamic-style\");\n\t        if (!element) { \/\/ If no element (Cache plugins can remove tag), then creating a new one\n                element = document.createElement('style');\n                var head = document.getElementsByTagName(\"head\")\n                if (head && head[0]) {\n                \thead[0].appendChild(element);\n                } else {\n                  \tconsole.warn(\"Iks Menu | Error while printing styles. Please contact technical support.\");\n                }\n\t        }\n\t\t\t\/\/ Copying styles to <styles> tag\n\t        element.innerHTML += \".iksm-698 .iksm-terms{transition:all 400ms;animation:iks-fade-in 1000ms;}.iksm-698 .iksm-term__inner{background-color:rgba(255,255,255,1);min-height:44px;transition:all 400ms;}.iksm-698 .iksm-term__inner:hover{background-color:rgba(236,236,236,1);}.iksm-698 .iksm-term--current > .iksm-term__inner{background-color:rgba(212,212,212,1);}.iksm-698 .iksm-term__link{color:rgba(0,0,0,1);font-size:15px;line-height:15px;font-weight:400;text-decoration:none;padding-top:5px;padding-right:15px;padding-bottom:5px;padding-left:15px;transition:all 400ms;}.iksm-698 .iksm-term__inner:hover .iksm-term__link{color:rgba(50,50,50,1);}.iksm-698 .iksm-term__toggle__inner{transition:transform 400ms}.iksm-698 .iksm-term--expanded > .iksm-term__inner > .iksm-term__toggle > .iksm-term__toggle__inner{transform:rotate(180deg);}.iksm-698 .iksm-term__toggle{color:rgba(133,133,133,1);font-size:22px;align-self:stretch;height:unset;;width:40px;transition:all 400ms;}.iksm-698 .iksm-term__toggle:hover{color:rgba(0,0,0,1);}.iksm-698 .iksm-term__image-container{width:30px;min-width:30px;height:30px;min-height:30px;margin-right:15px;transition:all 400ms;}.iksm-698 .iksm-term__image{background-size:contain;background-position:center;background-repeat:no-repeat;}.iksm-698 .iksm-term__image-container:hover{background-size:contain;background-position:center;background-repeat:no-repeat;}.iksm-698 .iksm-term__inner:hover .iksm-term__image-container{background-size:contain;background-position:center;background-repeat:no-repeat;}.iksm-698 .iksm-term__inner:focus .iksm-term__image-container{background-size:contain;background-position:center;background-repeat:no-repeat;}.iksm-698 .iksm-term--current > .iksm-term__inner .iksm-term__image-container{background-size:contain;background-position:center;background-repeat:no-repeat;}.iksm-698 .iksm-term--child .iksm-term__inner .iksm-term__image-container{background-size:contain;background-position:center;background-repeat:no-repeat;}.iksm-698 .iksm-term--child .iksm-term__inner .iksm-term__image-container:hover{background-size:contain;background-position:center;background-repeat:no-repeat;}.iksm-698 .iksm-term--child .iksm-term__inner .iksm-term__image-container:focus{background-size:contain;background-position:center;background-repeat:no-repeat;}.iksm-698 .iksm-term--child.iksm-term--current > .iksm-term__inner .iksm-term__image-container{background-size:contain;background-position:center;background-repeat:no-repeat;}.iksm-698  .iksm-term__text{flex: unset}.iksm-698 .iksm-term__posts-count{color:rgba(133,133,133,1);font-size:16px;margin-left:12px;font-weight:400;transition:all 400ms;}\";\n\t        \/\/ Removing this script\n            var this_script = document.getElementById(\"styles-copier-69ecdf64cca49\");\n            if (this_script) { \/\/ Cache plugins can remove tag\n\t            this_script.outerHTML = \"\";\n\t            if (this_script.parentNode) {\n\t                this_script.parentNode.removeChild(this_script);\n\t            }\n            }\n        <\/script>\n<\/div>\n\n\n\n<div class=\"wp-block-column\" style=\"flex-basis:40%\">\n<p><a href=\"http:\/\/www.afasi.se\/foreningshandbok\/driva-forening\/sammanfattning-medlemskap\/\"><b>L\u00e4s sammanfattning<\/b><\/a><\/p>\n\n\n\n<p><strong>Det \u00e4r medlemmarna som tillsammans \u00e4r<br>Afasif\u00f6rbundet.<\/strong> Utan medlemmarna skulle<br>inte Afasif\u00f6rbundet finnas. Alla \u00e4r v\u00e4lkomna<br>som medlemmar.<\/p>\n\n\n\n<p>De h\u00e4r personerna kan bli medlemmar i<br>Afasif\u00f6rbundet:<br>\u2022 Personer som har afasi eller spr\u00e5kst\u00f6rning.<br>\u2022 Anh\u00f6rig till n\u00e5gon med afasi eller spr\u00e5kst\u00f6rning.<br>\u2022 Andra som \u00e4r intresserade av vad Afasif\u00f6rbundet<br>g\u00f6r och vill st\u00f6dja f\u00f6rbundet.<\/p>\n\n\n\n<p>Det finns tv\u00e5 slags medlemskap:<br>\u2022 Enskild medlem<br>\u2022 Familjemedlem<\/p>\n\n\n\n<p><strong>Enskild medlem<\/strong> \u2013 \u00e4r en person som har afasi<br>eller spr\u00e5kst\u00f6rning, som \u00e4r anh\u00f6rig eller en annan<br>person som vill st\u00f6tta f\u00f6reningen.<\/p>\n\n\n\n<p><strong>Medlem som familj<\/strong> \u2013 \u00e4r en familj med minst tv\u00e5<br>personer. Partners eller gifta som bor p\u00e5 olika adresser<br>kan vara medlem som familj. Men vuxna barn som bor<br>p\u00e5 annan adress kan inte vara det.<\/p>\n\n\n\n<p>Medlemmarna \u00e4r med i Afasif\u00f6rbundet p\u00e5 tv\u00e5 niv\u00e5er:<br>\u2022 P\u00e5 riksniv\u00e5 i Afasif\u00f6rbundet.<br>\u2022 I en lokalf\u00f6rening eller l\u00e4nsf\u00f6rening om det inte<br>finns n\u00e5gon lokalf\u00f6rening.<\/p>\n\n\n\n<p>Medlemmarna \u00e4r med i f\u00f6reningen som ligger n\u00e4rmast<br>d\u00e4r de bor. Men det g\u00e5r ocks\u00e5 att v\u00e4lja en annan f\u00f6rening.<\/p>\n\n\n\n<h3 class=\"wp-block-heading\"><strong>S\u00e5 blir du medlem<\/strong><\/h3>\n\n\n\n<p>Vill du bli medlem? Kontakta Afasif\u00f6rbundet!<br>\u2022 Via Afasif\u00f6rbundets webbplats.<br>\u2022 Ring eller skicka e-post till Afasif\u00f6rbundets kansli.<\/p>\n\n\n\n<p>Medlemmen betalar in medlemsavgiften till<br>Afasif\u00f6rbundet. Afasif\u00f6rbundet skickar ett v\u00e4lkomstbrev<br>med information. F\u00f6reningen f\u00e5r information om nya<br>medlemmar en g\u00e5ng i m\u00e5naden. Det kallas central<br>uppb\u00f6rd av medlemskap.<\/p>\n\n\n\n<p>Den som blir medlem under sista kvartalet (oktober,<br>november eller december) r\u00e4knas som medlem under<br>hela n\u00e4sta \u00e5r. Medlemmar som g\u00e5r med i Afasif\u00f6rbundet<br>tidigare, till exempel i augusti, betalar ny medlemsavgift<br>n\u00e4sta \u00e5r.<\/p>\n\n\n\n<h3 class=\"wp-block-heading\"><strong>Medlemsavgift<\/strong><\/h3>\n\n\n\n<p>Varje f\u00f6rening best\u00e4mmer vilken avgift medlemmarna<br>ska betala. Det finns ingen best\u00e4md avgift f\u00f6r hela<br>Afasif\u00f6rbundet. Det \u00e4r Afasif\u00f6rbundets kansli som<br>skickar ut inbetalningskort och eventuella p\u00e5minnelser<br>om medlemsavgifterna.<\/p>\n\n\n\n<h3 class=\"wp-block-heading\"><strong>F\u00f6rbundsavgift per medlem<\/strong><\/h3>\n\n\n\n<p>Det h\u00e4r h\u00e4nder med medlemsavgiften:<br>\u2022 Pengarna som medlemmarna betalar g\u00e5r f\u00f6rst till<br>Afasif\u00f6rbundet.<br>\u2022 Afasif\u00f6rbundet tar ut en avgift f\u00f6r enskilda<br>medlemmar och f\u00f6r medlemmar som familj. Det<br>kallas f\u00f6rbundsavgift.<br>\u2022 En del l\u00e4ns- och regionf\u00f6reningar tar ocks\u00e5 ut<br>en avgift.<br>\u2022 Resten av medlemsavgiften g\u00e5r till lokalf\u00f6reningen.<\/p>\n\n\n\n<p>Kongressen best\u00e4mmer hur stor f\u00f6rbundsavgift som<br>ska g\u00e5 till Afasif\u00f6rbundet p\u00e5 riksniv\u00e5.<br>En g\u00e5ng i m\u00e5naden f\u00e5r l\u00e4ns- och regionf\u00f6reningarna<br>och lokalf\u00f6reningen utbetalning av \u201dsin\u201d del av<br>medlemsavgiften som kommit in.<\/p>\n\n\n\n<h3 class=\"wp-block-heading\"><strong>Vad f\u00e5r medlemmar?<\/strong><\/h3>\n\n\n\n<p>Alla \u00e4r v\u00e4lkomna att bli medlem i Afasif\u00f6rbundet.<br>Som medlem st\u00f6ttar du f\u00f6rbundets arbete f\u00f6r barn,<br>unga och vuxna som har afasi eller spr\u00e5kst\u00f6rning<br>och anh\u00f6riga. Du bidrar till en god sak.<\/p>\n\n\n\n<p>Som medlem f\u00e5r du tr\u00e4ffa andra personer med afasi<br>och spr\u00e5kst\u00f6rning och som \u00e4r anh\u00f6riga. Medlemmarna<br>delar erfarenheter med varandra. De arbetar ocks\u00e5<br>intressepolitiskt f\u00f6r att p\u00e5verkar politiker s\u00e5 att fler<br>ska f\u00e5 kunskap om afasi och spr\u00e5kst\u00f6rning och hur<br>det \u00e4r att leva med det.<\/p>\n\n\n\n<p><strong>Medlemmar inom Afasif\u00f6rbundet f\u00e5r:<\/strong><br>\u2022 Medlemstidningen Tidningen Afasi. Enskilda<br>medlemmar f\u00e5r varsin tidning. Medlemmar som<br>familj f\u00e5r en tidning tillsammans.<br>\u2022 Informationsmaterial<br>\u2022 F\u00f6rs\u00e4kring under tiden det \u00e4r aktiviteter i f\u00f6rbundet<br>eller f\u00f6reningen som medlemmen \u00e4r med p\u00e5.<br>\u2022 Vara med p\u00e5 aktiviteter p\u00e5 M\u00f6tesplats Afasi om det<br>finns en s\u00e5dan i f\u00f6reningen. I en del f\u00f6reningar har<br>m\u00f6tesplatsen ett annat namn.<br>\u2022 Tr\u00e4ffa andra och utbyta erfarenheter.<br>\u2022 Vara med p\u00e5 f\u00f6reningens aktiviteter, f\u00f6rel\u00e4sningar<br>och resor.<br>\u2022 P\u00e5verka politiker, myndigheter och andra<br>organisationer i olika fr\u00e5gor som \u00e4r viktiga f\u00f6r<br>personer med afasi och spr\u00e5kst\u00f6rning och f\u00f6r anh\u00f6riga.<br>Till exempel b\u00e4ttre h\u00e4lso- och sjukv\u00e5rd, rehabilitering<br>hela livet, habilitering, hj\u00e4lpmedel, arbetsmarknad,<br>universell utformning, skola och utbildning.<\/p>\n\n\n\n<p>\u00a9 Afasif\u00f6rbundet i Sverige<\/p>\n<\/div>\n<\/div>\n<\/div><\/div>","protected":false},"excerpt":{"rendered":"<!-- RS_MODULE_CODE_2.4.4 --><div id=\"readspeaker_button77\" class=\"rs_skip rsbtn rs_preserve\"><a class=\"rsbtn_play\" title=\"Lyssna p&aring; sidans text med ReadSpeaker\" accesskey=\"L\" href=\"\/\/app-eu.readspeaker.com\/cgi-bin\/rsent?customerid=7782&amp;lang=sv_se&amp;readid=rspeak_read_77&amp;url=https%3A%2F%2Fwww.afasi.se%2Fforeningshandbok%2Fwp-json%2Fwp%2Fv2%2Fpages%2F77\">\n        <span class=\"rsbtn_left rsimg rspart\"><span class=\"rsbtn_text\"><span>Lyssna<\/span><\/span><\/span>\n        <span class=\"rsbtn_right rsimg rsplay rspart\"><\/span>\n        <\/a><\/div><div id=\"rspeak_read_77\"><div class=\"entry-summary\">\n L\u00e4s sammanfattning Det \u00e4r medlemmarna som tillsammans \u00e4rAfasif\u00f6rbundet. Utan medlemmarna skulleinte Afasif\u00f6rbundet finnas. Alla \u00e4r v\u00e4lkomnasom medlemmar. De h\u00e4r personerna kan bli medlemmar iAfasif\u00f6rbundet:\u2022 Personer som har afasi eller spr\u00e5kst\u00f6rning.\u2022 Anh\u00f6rig till n\u00e5gon med afasi eller spr\u00e5kst\u00f6rning.\u2022 Andra som&hellip;\n<\/div>\n<div class=\"link-more-container\"><a href=\"https:\/\/www.afasi.se\/foreningshandbok\/medlemskap-och-medlemsregister\/\" class=\"link-more\" aria-label=\"Continue reading Medlemskap\">Continue reading&hellip;<\/a><\/div>\n<\/div>","protected":false},"author":4,"featured_media":0,"parent":0,"menu_order":0,"comment_status":"closed","ping_status":"closed","template":"","meta":{"footnotes":""},"class_list":["post-77","page","type-page","status-publish","hentry","entry","entry-type-page"],"_links":{"self":[{"href":"https:\/\/www.afasi.se\/foreningshandbok\/wp-json\/wp\/v2\/pages\/77","targetHints":{"allow":["GET"]}}],"collection":[{"href":"https:\/\/www.afasi.se\/foreningshandbok\/wp-json\/wp\/v2\/pages"}],"about":[{"href":"https:\/\/www.afasi.se\/foreningshandbok\/wp-json\/wp\/v2\/types\/page"}],"author":[{"embeddable":true,"href":"https:\/\/www.afasi.se\/foreningshandbok\/wp-json\/wp\/v2\/users\/4"}],"replies":[{"embeddable":true,"href":"https:\/\/www.afasi.se\/foreningshandbok\/wp-json\/wp\/v2\/comments?post=77"}],"version-history":[{"count":11,"href":"https:\/\/www.afasi.se\/foreningshandbok\/wp-json\/wp\/v2\/pages\/77\/revisions"}],"predecessor-version":[{"id":853,"href":"https:\/\/www.afasi.se\/foreningshandbok\/wp-json\/wp\/v2\/pages\/77\/revisions\/853"}],"wp:attachment":[{"href":"https:\/\/www.afasi.se\/foreningshandbok\/wp-json\/wp\/v2\/media?parent=77"}],"curies":[{"name":"wp","href":"https:\/\/api.w.org\/{rel}","templated":true}]}}